0 - 1). Calculate the greatest common divisor of 24 and k.
12
Suppose 0 = 5*s + 3*z + 191, 2*z - 117 = 3*s + 3*z. Let g = -20 - s. Suppose r - 7 = -3, -a + 5*r = 10. Calculate the greatest common factor of a and g.
10
Let t(n) = -5*n + 7. Suppose 4*q = -5*h - 29, h = 2*q - 2 - 1. Let s be t(h). Suppose 5*p + 0 = 40. Calculate the greatest common factor of s and p.
8
Let u be ((-3)/9)/(1/(-15)). Suppose -u*z = 3*r - 143, -3*z = 4*r - 2*z - 202. What is the greatest common divisor of r and 17?
17
Let m(p) = -3*p**3 - 5*p**2 - 4*p - 4. Let i be m(-3). Let y = 21 - 10. Calculate the greatest common factor of i and y.
11
Suppose 0 = -5*p - 5, 2*p + 8 - 1 = -5*i. Let u be i/((-15)/(-12))*-15. What is the highest common factor of u and 24?
12
Let m be (0 + -3)*4 - 1. Let s = 27 + m. Let r be (260/(-325))/(-1 - (-33)/35). Calculate the highest common divisor of r and s.
14
Suppose -13 = -2*a + 7. Let p = 16 - a. Calculate the highest common divisor of 18 and p.
6
Let l(p) = -2*p + 12. Let v be l(3). What is the highest common divisor of v and 54?
6
Suppose -4*f - f + 150 = 0. What is the highest common divisor of 10 and f?
10
Let a be (-3 + (-28)/(-20))*-5. Let k be (-126)/(-8) - (-2)/8. Calculate the highest common factor of a and k.
8
Let h(p) = 5*p - 1. Let u be h(1). Let y be (u/6)/(2/9). Suppose -194 - 169 = -y*i. Calculate the greatest common factor of i and 11.
11
Suppose 0 = 4*i - 2*c - 282, 0 = 2*i + 3*i - 2*c - 352. What is the greatest common factor of i and 14?
14
Suppose -3*p - 2*d = -8, 3*p - 3 = -d + 4. Let z = 4 + -2. What is the greatest common divisor of z and p?
2
Let h(o) = -3*o - 13. Let b be h(-9). Let w be b/8 + (-3)/(-12). Suppose 3*u - 6 = -0*u. What is the greatest common factor of w and u?
2
Suppose -14*s - 165 = -17*s. Let p(a) = a**2 - 4*a - 6. Let w be p(6). Suppose w*n - 4*n = 22. What is the highest common factor of s and n?
11
Suppose 0 = i + i - 8. Suppose -i*x = -4*y + 32, 4*y = -4*x - x + 68. Suppose 0 = -2*w + 3*w - y. What is the highest common divisor of w and 12?
12
Let q be (8/18)/(14/63). What is the highest common divisor of 14 and q?
2
Let m be (-133)/(-9) - (-3)/((-81)/(-6)). What is the greatest common factor of 120 and m?
15
Let g be (-2 - (-1 + 0)) + 17. Let m = g - -39. Let f(a) = -5*a - 3. Let b be f(-5). What is the greatest common factor of m and b?
11
Suppose -116 = 4*g - 3*t, -61 = 5*g + 4*t + 53. Let m be g/(-6) - (-1)/(-3). Calculate the highest common factor of m and 16.
4
Suppose 3*h = -13 - 215. Suppose 2*w + 23 = -45. Let m = w - h. Calculate the greatest common factor of m and 7.
7
Suppose -v - 30 = -2*v. Let k(o) = -o**3 - 3*o**2 - o. Let r be k(-4). What is the highest common factor of v and r?
10
Suppose -2 = 5*l + 13. Let t be (-3)/(l/2) - -138. What is the highest common factor of t and 28?
28
Let f(c) = c**3 + 4*c**2 - 3*c + 1. Let m be f(-4). Calculate the highest common factor of m and 143.
13
Let a(h) = h**3 + 16*h**2 - 9*h - 24. Let l be a(-16). Calculate the greatest common factor of l and 15.
15
Let y(k) = -4*k - 5. Let o be y(-4). What is the greatest common divisor of 11 and o?
11
Suppose 0 = -4*v + 11 + 45. Let d = -341 + 411. What is the greatest common divisor of d and v?
14
Let w(f) be the third derivative of -f**5/60 + f**4/4 - f**3 + 3*f**2. Let k be w(4). Suppose k*s = -7 + 39. What is the greatest common divisor of s and 24?
8
Let s be 1/(0 + 3/57). Calculate the highest common divisor of 19 and s.
19
Suppose -5*b - 4 + 32 = x, -5*x + 40 = 5*b. Let a = -34 - -36. Calculate the greatest common factor of x and a.
1
Let l be -3 - (-1 + -2)*2. Suppose -4*q = -l - 29. What is the highest common factor of q and 2?
2
Let z(p) = 0 - p**2 + 2*p**2 + 1 - 5*p. Let c be z(6). Let j be 3/(((-36)/224)/(-3)). Calculate the highest common divisor of j and c.
7
Let p be -2 + ((-2)/6 - 528/(-18)). Calculate the greatest common factor of p and 9.
9
Suppose i - 5*m - 65 = 0, 0 = -3*i - i + 2*m + 170. Calculate the highest common factor of i and 280.
40
Let v be ((-42)/(-9))/(1/3). Let h be (4 + (-36)/8)*-28. What is the greatest common factor of h and v?
14
Let u = -14 + 20. Let s(m) = -m**2 + 6*m + 6. Let g be s(u). Suppose -2*w + 6 = -w. What is the highest common factor of g and w?
6
Let g = 6 - -4. Calculate the greatest common divisor of 10 and g.
10
Let m be 25/((-25)/(-156))*(-2)/(-6). Suppose 0 = l + 2*l - 39. Calculate the greatest common divisor of l and m.
13
Suppose -p + 136 = 5*t, 4*t - t - p = 80. Calculate the greatest common factor of 108 and t.
27
Let p be 8/((-1)/(-4)*2). Let h = -93 + 173. Calculate the highest common factor of p and h.
16
Let w be 3*(0 + 166/3). Let v be (-3)/(-5) + 3614/10. Suppose 3*g - w = v. Calculate the greatest common divisor of g and 16.
16
Suppose -94 + 299 = -5*a. Let p = 83 + a. What is the highest common divisor of 105 and p?
21
Let i = 6 + -1. What is the highest common divisor of 40 and i?
5
Let o(b) = 2*b - 13. Let f be o(11). Suppose -2*v + f = -71. What is the highest common divisor of v and 16?
8
Suppose -4*a - 5*p = -23, p = a - 3*p + 10. Let l = -8 - -13. Suppose l*s = 4*s + 3. What is the highest common divisor of s and a?
1
Let m be -3 + 3 + 1 + 24/2. What is the greatest common divisor of m and 26?
13
Suppose 0 = -3*x + r + 229, 2*r = -2*r + 8. Calculate the greatest common factor of x and 7.
7
Suppose 3*a - 64 = 2*k, 3*a + 5*k + 26 - 76 = 0. Calculate the highest common divisor of a and 30.
10
Let w(d) = -d**3 - 3*d**2 + d + 9. Let v be w(-4). What is the greatest common divisor of v and 231?
21
Suppose 6*p - 44 = 2*p. Suppose 3*d = -k + 4*k - 240, -5*k + 373 = 4*d. Calculate the greatest common divisor of k and p.
11
Let x(b) = 4*b**2 - 1. Let g be x(-1). Let r = 15 + -11. Suppose -4*q + 27 = -g*w, -r*w - 11 = 4*q - 59. Calculate the greatest common factor of 45 and q.
9
Let a(y) = y**2 + 4*y + 9. Let c be a(-4). What is the highest common divisor of c and 9?
9
Let c(t) be the second derivative of 0 + 3/2*t**2 + t - 1/6*t**3. Let r be c(-4). Calculate the greatest common factor of r and 21.
7
Let y(j) = -39*j + 1. Let h be 0 - 0 - (3 - 2). Let x be y(h). Let u(t) = t**3 - 3*t**2 - 8*t. Let g be u(5). What is the highest common factor of g and x?
10
Let s = -1 - -23. Suppose -3*a + 5*r + s = -12, 3*a - 4*r = 32. What is the highest common factor of 2 and a?
2
Let n be ((-2)/5)/((-3)/75). Let o = -44 + -184. Let f be 1/(-5) - o/15. Calculate the greatest common factor of n and f.
5
Suppose -5*c = -6*l + 3*l - 98, 0 = 5*l + 5*c + 150. Let a = l - -53. Calculate the highest common factor of 11 and a.
11
Let l be 3 - (-3)/6*0. Suppose -l*j = -7 - 8. Let v(x) = -x**3 + 8*x**2 - 3*x. Let n be v(j). What is the highest common divisor of n and 40?
20
Suppose 3*j + 6 = 0, 2*d + 5*j + 0*j = 20. Calculate the highest common divisor of 135 and d.
15
Let d be (-1 - 10/14)/((-8)/56). Let o = 418 - 286. What is the highest common factor of d and o?
12
Let l(b) = 2*b**3 - 3*b**2 - b - 2. Let r be l(6). Suppose 73 = -3*s + r. Suppose -13 = -a - 4. What is the greatest common factor of s and a?
9
Let f = -26 + 40. Calculate the greatest common factor of 14 and f.
14
Suppose -6*z - 45 + 141 = 0. What is the highest common divisor of z and 24?
8
Let u(o) = -3*o**3 + o**2 + o + 1. Let v be u(-1). Suppose -g - 48 = -v*g. Let b = g - 6. What is the greatest common factor of b and 70?
10
Let k = -68 - -148. Calculate the highest common divisor of k and 20.
20
Let q = 363 - 220. Let y(v) = 7*v - 1. Let r be y(2). What is the greatest common divisor of r and q?
13
Let i = 2 + 3. Suppose -v + 42 = 4*k, k - 2 + 1 = -i*v. What is the greatest common factor of k and 121?
11
Let o be 1 + 1/(-1) + 5. Suppose -6*g = -3*g - 9. Suppose b - 30 = 5*d, 2*b - g*b + 40 = -3*d. What is the greatest common divisor of b and o?
5
Let v be (-6)/2*(-1)/3. Let z = 4 + v. Calculate the greatest common factor of 25 and z.
5
Suppose 3 = 3*a - 6. Let g be (-3)/6*0 + a. Let u = 6 + g. What is the highest common divisor of 36 and u?
9
Let x be (-628)/(-6) + 6/(-9). Let h = 30 + -17. Calculate the highest common factor of x and h.
13
Suppose 503 = 11*a - 223. What is the greatest common divisor of a and 33?
33
Let r = -46 + 47. What is the greatest common factor of r and 3?
1
L